e t(b).
6
Let h(b) = b**3 + 5*b**2 - 1. Let n(g) = -g**3 - 6*g**2 + 2. Let m(z) = -3*h(z) - 2*n(z). Give m(-3).
-1
Let f(z) = z**2 - z + 1. Let p be f(0). Let n(u) = -u**3 - u**2. Calculate n(p).
-2
Suppose -4*o = -i - 5, -4*i - 25 = 3*o + i. Let y(a) = -3 + a + 3. Give y(o).
0
Let j(i) be the second derivative of -i**5/20 + i**4/3 + 2*i**3/3 - 5*i**2/2 - 9*i. Let t be (-45)/(-3)*1/3. What is j(t)?
-10
Let d(a) = 5*a + 0*a**3 + 0*a**3 + 3*a**2 - a**3. Let t be (-15)/5 + 1*7. Give d(t).
4
Let v(m) = -13*m - 1. Let z(d) = 63*d + 6. Let s(f) = 127*f + 12. Let l(j) = -3*s(j) + 5*z(j). Let n(r) = -2*l(r) + 11*v(r). Determine n(-1).
12
Let l = -5 + 9. Suppose 0 = -2*i - 0*i - l*r - 10, 5*r + 50 = 5*i. Let g(x) = x**3 - 4*x**2 - 5*x. Calculate g(i).
0
Let t(m) = m**3 + 9*m**2 + 11*m + 24. Let y be t(-8). Let z(o) = -o**3 + o. What is z(y)?
0
Let t(c) = c**3 + c**2 + 3*c + 1. Let x(o) = -2*o**2 + o + 1. Let r(l) = -t(l) + 4*x(l). Determine r(-9).
-6
Let h(o) = -2*o + 19. Let a be h(10). Let y = a + 6. Let j(u) = u**3 - 4*u**2 - 5*u. Give j(y).
0
Let y(z) be the first derivative of z**4/4 + 5*z**3/3 + 3*z**2 + 2*z - 10. Let i(o) = -4*o**3 - o**2 + 1. Let l be i(1). Determine y(l).
-6
Let b = -20 - -25. Let n(q) = q**3 - 4*q**2 - 4*q - 1. Determine n(b).
4
Let i(f) be the second derivative of -f**2 + 1/2*f**3 + 0 + 1/12*f**4 + 2*f. Let m be -6 - (-4 - (0 - 2)). Give i(m).
2
Let m(z) = -z**3 - 7*z**2 - 4*z - 8. Suppose 0 = 2*l - 2*h + 2, -5*h - 31 = -0*l + l. Determine m(l).
-20
Let v(m) = 1. Let w(f) = -2*f - 3*f + f + f + 11. Let y(k) = -k + 4. Let x(q) = -4*w(q) + 11*y(q). Let r(t) = -3*v(t) + 2*x(t). Give r(2).
1
Let d(k) = -k**3 - 10*k**2 + 2. Let p be -2 + ((-4)/(-2) - 12). Let w be p - (1 + -6 + 3). Let z be d(w). Let n(o) = o - 2. What is n(z)?
0
Let f(c) be the third derivative of 1/3*c**3 + 0*c - c**2 - 1/120*c**6 + 1/6*c**4 - 1/20*c**5 + 0. Determine f(-4).
2
Suppose -7 = -3*f - 1. Suppose -25 = 3*r + f*r. Let u(v) = v**3 + 5*v**2 + 2*v + 4. Calculate u(r).
-6
Let n(m) = m + 4. Let r(i) = -i**2 - 5*i + 2. Let t be r(-5). Suppose -o = t*o. Calculate n(o).
4
Let r = 4 + -3. Let u = r + -2. Let z(w) = 11*w**2 - 7*w. Let a(q) = -10*q**2 + 6*q. Let j(i) = -6*a(i) - 5*z(i). What is j(u)?
6
Let u(g) = 23*g - 6. Let k(t) = -4*t + 1. Let v(h) = 34*k(h) + 6*u(h). Calculate v(-2).
-6
Let h = 10 - 20. Let m = -6 - h. Let x(b) = b**3 - 5*b**2 + 4*b - 6. Give x(m).
-6
Let d(o) = o**3 - 3*o**2 + 3*o - 1. Let n(a) = -a**3 + 2*a**2 - 3*a + 1. Let j(z) = -3*d(z) - 2*n(z). Let s be ((-4)/(-5))/((-4)/(-10)). What is j(s)?
7
Let q(g) = g**3 + 3*g**2. Let w be q(-3). Let s(d) = -d - 6. Determine s(w).
-6
Let m(s) = 2*s**2 + 7*s - 24. Let d(c) = c**2 + 3*c - 12. Let r(o) = -11*d(o) + 6*m(o). What is r(-10)?
-2
Suppose -2*f + 100 = 3*f. Let i = 15 - f. Let t(n) = n**2 + 6*n + 4. Give t(i).
-1
Let f(g) be the second derivative of -g**4/12 + 5*g**3/6 - 5*g**2/2 - g. Let o be (-11)/(-2) - (-12)/8. Suppose -j - 3*w = 5, -2*w + o*w = -2*j - 7. Give f(j).
-1
Suppose -6*v + 3*v + 18 = 0. Suppose 0*m + 3*m = v. Let u(y) = y**3 + 6*y**2 + y + y - y**m. What is u(-5)?
-10
Suppose -3*z = -5 - 7. Suppose 0 = z*q + 7 + 1. Let w(v) be the third derivative of -v**6/120 - v**5/60 - v**4/12 + v**2. Determine w(q).
8
Let c(f) be the first derivative of -f**3/3 - 7*f**2/2 - 3*f - 59. Give c(-6).
3
Let n(y) be the second derivative of -1/2*y**2 - 1/20*y**5 + 1/4*y**4 + 0*y**3 + 3*y + 0. Give n(3).
-1
Let g(l) be the second derivative of -l**4/12 + 2*l**3/3 + 2*l**2 + l. Let n be g(4). Suppose n = z - 1. Let m(o) = o**2 - 4*o - 1. Calculate m(z).
4
Let b be (-10)/(-6) - (-6)/18. Let i(o) = o**2 - 4*o + 1. What is i(b)?
-3
Let t be 13/12 + 12/(-16). Let g(w) be the first derivative of -t*w**3 - 3 + 3*w**2 - w. What is g(5)?
4
Let c(g) = -3*g + 3. Suppose 2*q - 30 = -3*q. Let t be ((-16)/q)/(16/(-24)). Suppose -5*i - m = -9, -2*m - 6 = 2*i - t*i. Determine c(i).
-3
Let i(q) = -q**2 - q - 2. Let f(h) = 2*h**2 + 3*h + 4. Let n(z) = 2*f(z) + 5*i(z). Let k be n(2). Let g(r) = -2*r - 1 - 3*r + 4*r. Calculate g(k).
3
Let i(u) = -u**3 + 3*u**2 + 5*u - 8. Let a(t) = t**3 - 3*t**2 - 5*t + 9. Let g(n) = 2*a(n) + 3*i(n). Let z = -4 + 8. Calculate g(z).
-2
Let h(v) = v**2 + v. Let p be (-8)/(-2)*(-5)/(-10). Let i(x) = -x + x**3 + x - 2*x**2 - 3 + 2*x. Let n be i(p). Give h(n).
2
Let s(c) = -c**3 + 6*c**2 + 7*c - 3. Suppose -y = -2*y + 7. Determine s(y).
-3
Let i = -36 + 28. Let w(m) = -m**2 - 7*m + 7. What is w(i)?
-1
Let f(c) = -10*c**2 - c**2 + 12*c**2 - 4 + 3*c. Calculate f(-4).
0
Let p(r) be the third derivative of r**6/120 + r**5/12 - r**4/24 - 5*r**3/6 + 10*r**2. Calculate p(-5).
0
Let i(n) be the third derivative of 0*n + 1/120*n**5 + 0 - 2*n**2 + 1/12*n**4 + 1/6*n**3. Let l(w) be the first derivative of i(w). Give l(-5).
-3
Let s(w) = -5*w + 12. Let x(p) = -6*p + 13. Let b(r) = 4*s(r) - 3*x(r). Let z be b(6). Let d(v) = v**3 + 4*v**2 + 3*v - 1. Give d(z).
-1
Let f(o) = 3*o**3 - 3*o**2 + o - 8. Let m(r) = -4*r**3 + 3*r**2 - r + 9. Let x(y) = -5*f(y) - 4*m(y). Calculate x(-3).
7
Suppose -5 = -2*r - f, 6*r - 2*r - 5 = -3*f. Suppose -2*j = o, 5*j + 12 = r*o + 3*j. Let a(d) = d**2 - d - 2. What is a(o)?
0
Let r(o) = 15*o - 2. Let d(i) = 8*i - 1. Let n(y) = -5*d(y) + 3*r(y). Let a(h) = -h**2 - 3*h. Let b be a(-2). Suppose b - 12 = 5*z. Give n(z).
-11
Let c(k) = -2*k + 5. Let l = 52 + -46. Give c(l).
-7
Let t(k) = 4*k**2 - 3*k**2 - 5*k**2 + 3*k**2 - k - 7. What is t(0)?
-7
Let y(h) = -2*h + 8. Let s be (-351)/(-52) + (-2)/(-8). Determine y(s).
-6
Let i(b) = 3*b**3 - 8*b + 1. Let o(j) = 4*j**3 + j**2 - 9*j + 1. Let k(z) = -5*i(z) + 4*o(z). What is k(-4)?
-17
Let f(x) = 0*x + 0*x + 2*x. Let q = 0 - -5. Suppose -q = -2*t - 11. Calculate f(t).
-6
Let z(a) = 2 + 3 - 4. Let w(i) = 3*i - 7 + 4 - 3. Let c(b) = w(b) + 3*z(b). Determine c(2).
3
Let c(r) be the third derivative of -1/24*r**4 - r**2 + 0 - 1/2*r**3 + 0*r. Suppose -6 = g - 2. What is c(g)?
1
Suppose f + 12 = -2*c, c - 9 - 7 = 5*f. Let n(a) = -a + 1. Calculate n(c).
5
Let x(v) = -1. Suppose -5*a + 4 = -6. Let w(l) = -7 - 2*l + a*l + l. Let h(r) = w(r) - x(r). Calculate h(4).
-2
Suppose i - 1 = 1, -5*r = -2*i - 11. Let c(j) = 6*j**2 + 4. Let f(k) = -7*k**2 - 5. Let h(y) = -6*c(y) - 5*f(y). Determine h(r).
-8
Suppose 16 = 4*a, -3*d + 6 + 2 = 2*a. Suppose -v - 4*h + 10 = d, -2*v = -v - h + 10. Let i(n) = -n**2 - 5*n - 4. Give i(v).
-10
Let w(s) be the third derivative of 4*s**2 + 0 + 0*s + 0*s**3 + 1/24*s**4. Determine w(-6).
-6
Let q(c) be the first derivative of c**7/840 + 7*c**6/360 + c**5/24 - c**4/24 - c**3 - 4. Let a(k) be the third derivative of q(k). What is a(-6)?
5
Let w(p) = -2*p**2 - 2*p + 2. Let y(d) = -d + 1. Let j(c) = w(c) - y(c). Calculate j(-2).
-5
Let f(t) = 1 - t**2 + 1 + 0 + t. Let g be f(0). Let s(n) = 0*n**g + 0*n**2 + 2*n**2 + 2*n + n**3 - 1. What is s(-2)?
-5
Suppose 0 = 2*p - 10, -2*p = -4*v + 2*p - 56. Let f be ((-3)/v)/(4/24). Let z(s) = -s + 1. Give z(f).
-1
Let y be (-63)/(-4) + 9/(-12). Suppose 5*u - y = 5*r, -3*u - r + 9 = 3*r. Let c(x) = -2*x + 2*x - 2*x**2 - 7*x**u + 1. Determine c(-1).
6
Let m(h) = -8*h**2 - 4*h - 6. Let t(b) = b**2 + 1. Let w(i) = -m(i) - 6*t(i). What is w(-4)?
16
Suppose -5*r = o + 2, 11 = 2*r - 5*o + 1. Suppose 5 = -5*b - r. Let u(i) = i + 0 - 5*i - 1. Give u(b).
3
Let w be (4/(-8))/((-1)/6). Let q(m) = m**2 + 3*m - 1. Let h(p) = 2*p**2 + 2*p. Let n(y) = -2*h(y) + 3*q(y). What is n(w)?
3
Let t(p) = -p + 1 + 2*p - 4*p**2 - p**2. Let d = -1 - -7. Let q be 2/(d - 2)*-2. Give t(q).
-5
Let l(v) = 4*v + 2. Suppose -3*f - 6 = -5*f, -3*j + f - 9 = 0. Determine l(j).
-6
Let s(y) = -9 + y + 7 - 2*y. Let v(z) = z**3 + 13*z**2 + 13*z + 3. Let w be v(-12). Let g = -14 - w. Calculate s(g).
3
Let b(r) = -6*r**3 + 5*r**2 - 2*r - 10. Let n(z) = 5*z**3 - 5*z**2 + 2*z + 9. Let m(c) = -4*b(c) - 5*n(c). Let h = 10 - 5. What is m(h)?
-15
Let j(y) = -2*y**2 - y. Suppose 0 = -s - 0*s + 1. Let f be s/(1 + (-10)/12). Suppose 5*q - f = -1. Give j(q).
-3
Let l = 5 + -2. Let v(r) = -3 + r + l. What is v(3)?
3
Suppose 2*b + 3*a - 2 - 4 = 0, 0 = 3*b + 2*a - 9. Let d(i) = -4*i - 6*i**2 + 2*i**3 + b - 2 + 1 - 3*i**3. What is d(-5)?
-3
Suppose -10 = -2*k, -3*z - k + 6 = -5. Let i(h) = -z*h + 0*h - 5*h + 4*h. Calculate i(-1).
